{"id":10272,"date":"2024-09-06T16:16:26","date_gmt":"2024-09-06T14:16:26","guid":{"rendered":"https:\/\/bluewhite.sitidev.it\/?page_id=10272"},"modified":"2024-11-13T16:52:28","modified_gmt":"2024-11-13T15:52:28","slug":"guida-ai-diamanti","status":"publish","type":"page","link":"https:\/\/www.bluewhitegroup.it\/index.php\/guida-ai-diamanti\/","title":{"rendered":"Guida ai diamanti"},"content":{"rendered":"\t\t<div data-elementor-type=\"wp-page\" data-elementor-id=\"10272\" class=\"elementor elementor-10272\" data-elementor-post-type=\"page\">\r\n\t\t\t\t<div class=\"elementor-element elementor-element-99a857e e-flex e-con-boxed e-con e-parent\" data-id=\"99a857e\" data-element_type=\"container\">\r\n\t\t\t\t\t<div class=\"e-con-inner\">\r\n\t\t\t\t<div class=\"elementor-element elementor-element-3acebce elementor-widget elementor-widget-valeska_core_section_title\" data-id=\"3acebce\" data-element_type=\"widget\" data-widget_type=\"valeska_core_section_title.default\">\r\n\t\t\t\t<div class=\"elementor-widget-container\">\r\n\t\t\t\t\t<div class=\"qodef-shortcode qodef-m  qodef-section-title qodef-alignment--center  qodef-section-title-appear-animation--no \">\r\n\t\t\t<h3 class=\"qodef-m-title\" >\r\n\t\t\ti diamanti giusti, al momento giusto\t<\/h3>\r\n\t\t<p class=\"qodef-m-text\" >Il comparto BlueWhiteDiamonds, all&#039;interno del nostro gruppo, opera da oltre 40 anni nel commercio B2B in qualit\u00e0 di fornitore di diamanti e pietre preziose.   Collaboriamo con i pi\u00f9 importanti titoli mondiali: Tel Aviv,\nAnversa, New York e Mumbai.\nIl nostro team interno annovera gemmologi esperti, pronti a rispondere rapidamente a qualsiasi esigenza del cliente potendo contare su un ampio stock di pietre preziose subito disponibili nella nostra sede. \nSiamo specializzati in tutti i tipi di diamanti (fantasia, con certificato IGI, HRD, GIA, singoli o sciolti), non certificati e pietre preziose, ma anche semipreziosi di ogni tipo, fantasia tagli, tagli personalizzati, coralli, perle e materiali innovativi per realizzare gioielli di ogni qualit\u00e0 e valore.\n<\/p>\r\n\t<\/div>\r\n\t\t\t\t<\/div>\r\n\t\t\t\t<\/div>\r\n\t\t\t\t<div class=\"elementor-element elementor-element-f9967d0 elementor-widget elementor-widget-image\" data-id=\"f9967d0\" data-element_type=\"widget\" data-widget_type=\"image.default\">\r\n\t\t\t\t<div class=\"elementor-widget-container\">\r\n\t\t\t\t\t\t\t\t\t\t\t\t\t\t\t<img decoding=\"async\" width=\"300\" height=\"76\" src=\"https:\/\/www.bluewhitegroup.it\/wp-content\/uploads\/2024\/09\/BWD.png\" class=\"attachment-large size-large wp-image-10262\" alt=\"\" \/>\t\t\t\t\t\t\t\t\t\t\t\t\t\t\t<\/div>\r\n\t\t\t\t<\/div>\r\n\t\t\t\t\t<\/div>\r\n\t\t\t\t<\/div>\r\n\t\t<div class=\"elementor-element elementor-element-61f0ce8 e-flex e-con-boxed e-con e-parent\" data-id=\"61f0ce8\" data-element_type=\"container\" data-settings=\"{&quot;background_background&quot;:&quot;classic&quot;}\">\r\n\t\t\t\t\t<div class=\"e-con-inner\">\r\n\t\t\t\t<div class=\"elementor-element elementor-element-ddbb61e elementor-widget elementor-widget-valeska_core_section_title\" data-id=\"ddbb61e\" data-element_type=\"widget\" data-widget_type=\"valeska_core_section_title.default\">\r\n\t\t\t\t<div class=\"elementor-widget-container\">\r\n\t\t\t\t\t<div class=\"qodef-shortcode qodef-m  qodef-section-title qodef-alignment--center  qodef-section-title-appear-animation--no \">\r\n\t\t\t<h4 class=\"qodef-m-title\" >\r\n\t\t\tsourcing etico,<br \/> Garanzia di provenienza diamanti eco-friendly\t<\/h4>\r\n\t\t<p class=\"qodef-m-text\" >La nostra selezione di diamanti, di tutte le misure, tagli e carature, non offre unicamente una scelta di soluzioni pressoch\u00e9 infinita, ma si concentra su certificazioni volte a garantire al cliente una pietra che corrisponda ai contemporanei standard internazionali di etica ed eco sostenibilit\u00e0, dai processi estrattivi fino alla diffusione nei mercati.<\/p>\r\n\t<\/div>\r\n\t\t\t\t<\/div>\r\n\t\t\t\t<\/div>\r\n\t\t\t\t\t<\/div>\r\n\t\t\t\t<\/div>\r\n\t\t<div class=\"elementor-element elementor-element-4fa87f1 e-flex e-con-boxed e-con e-parent\" data-id=\"4fa87f1\" data-element_type=\"container\">\r\n\t\t\t\t\t<div class=\"e-con-inner\">\r\n\t\t\t\t<div class=\"elementor-element elementor-element-f489ec0 elementor-widget elementor-widget-valeska_core_custom_font\" data-id=\"f489ec0\" data-element_type=\"widget\" data-widget_type=\"valeska_core_custom_font.default\">\r\n\t\t\t\t<div class=\"elementor-widget-container\">\r\n\t\t\t\t\t<div class=\"qodef-shortcode qodef-m  qodef-custom-font qodef-layout--simple qodef-alignment--center qodef-custom-font-appear-animation--yes\" data-italic-position=\"-1\" data-appearing-delay=\"200\">\r\n        <h3 class=\"qodef-m-title qodef-m-custom-font-title-797\" style=\"text-transform: none\">\r\n        <span class=\"qodef-m-title-part\"><i>le<\/i> 4 C,<\/span><br \/><span class=\"qodef-m-title-part\"> <i>i<\/i> QUATTRO <i>criteri distintivi<\/span><br \/><span class=\"qodef-m-title-part\"> dei<\/i> DIAMANTI<\/span>    <\/h3>\r\n<\/div>\t\t\t\t<\/div>\r\n\t\t\t\t<\/div>\r\n\t\t\t\t\t<\/div>\r\n\t\t\t\t<\/div>\r\n\t\t\t\t<section class=\"elementor-section elementor-top-section elementor-element elementor-element-c7ac75e elementor-section-full_width elementor-section-height-default elementor-section-height-default qodef-elementor-content-no\" data-id=\"c7ac75e\" data-element_type=\"section\">\r\n\t\t\t\t\t\t<div class=\"elementor-container elementor-column-gap-default\">\r\n\t\t\t\t\t<div class=\"elementor-column elementor-col-25 elementor-top-column elementor-element elementor-element-585fd8c\" data-id=\"585fd8c\" data-element_type=\"column\">\r\n\t\t\t<div class=\"elementor-widget-wrap elementor-element-populated\">\r\n\t\t\t\t\t\t<div class=\"elementor-element elementor-element-8a58ff2 elementor-widget elementor-widget-valeska_core_image_with_text\" data-id=\"8a58ff2\" data-element_type=\"widget\" data-widget_type=\"valeska_core_image_with_text.default\">\r\n\t\t\t\t<div class=\"elementor-widget-container\">\r\n\t\t\t\t\t<div class=\"qodef-shortcode qodef-m  qodef-image-with-text qodef-layout--text-below qodef-image-action--scrolling-image qodef-scrolling-direction--vertical  qodef-iwt-appear-animation--no \" data-appearing-delay=\"0\">\r\n\t<div class=\"qodef-m-image\">\r\n\r\n\t\t\t<div class=\"qodef-m-image-holder\">\r\n\t\t\t<div class=\"qodef-m-image-holder-inner\">\r\n\t\r\n\t\t\t<a itemprop=\"url\" href=\"\" target=\"_self\">\r\n\t\r\n\t\t<img decoding=\"async\" src=\"https:\/\/www.bluewhitegroup.it\/wp-content\/uploads\/2024\/09\/carati.jpg\" alt=\"\" \/>\r\n\t\t\t<\/a>\r\n\t\r\n\t\t\t\t<\/div>\r\n            \t\t\t    <img decoding=\"async\" class=\"qodef-m-frame\" src=\"https:\/\/www.bluewhitegroup.it\/wp-content\/themes\/valeska\/assets\/img\/scrolling-image-frame-type-1.png\" alt=\"Scrolling Image Frame Type 1\" \/>\r\n\t\t            <\/div>\r\n\t<\/div>\r\n\t<div class=\"qodef-m-content\">\r\n\t\t\t<h4 class=\"qodef-m-title\" >\r\n\t\t\t\t\tcarat\t\t\t<\/h4>\r\n\t\t\t<p class=\"qodef-m-text\" >Spesso si pensa erroneamente che il termine &quot;carato&quot; si riferisca alla dimensione di un diamante, ma in realt\u00e0 ne indica il peso. Un carato equivale a 0,2 grammi, pi\u00f9 o meno il peso di una graffetta standard.\nBlueWhiteDiamond seleziona i suoi diamanti da un&#039;ampia gamma di carature, in modo che ogni pietra possa accordarsi con perfezione al tuo design.<\/p>\r\n\t<\/div>\r\n<\/div>\r\n\t\t\t\t<\/div>\r\n\t\t\t\t<\/div>\r\n\t\t\t\t\t<\/div>\r\n\t\t<\/div>\r\n\t\t\t\t<div class=\"elementor-column elementor-col-25 elementor-top-column elementor-element elementor-element-8c3707b\" data-id=\"8c3707b\" data-element_type=\"column\">\r\n\t\t\t<div class=\"elementor-widget-wrap elementor-element-populated\">\r\n\t\t\t\t\t\t<div class=\"elementor-element elementor-element-408e838 elementor-widget elementor-widget-valeska_core_image_with_text\" data-id=\"408e838\" data-element_type=\"widget\" data-widget_type=\"valeska_core_image_with_text.default\">\r\n\t\t\t\t<div class=\"elementor-widget-container\">\r\n\t\t\t\t\t<div class=\"qodef-shortcode qodef-m  qodef-image-with-text qodef-layout--text-below qodef-image-action--scrolling-image qodef-scrolling-direction--vertical  qodef-iwt-appear-animation--no \" data-appearing-delay=\"0\">\r\n\t<div class=\"qodef-m-image\">\r\n\r\n\t\t\t<div class=\"qodef-m-image-holder\">\r\n\t\t\t<div class=\"qodef-m-image-holder-inner\">\r\n\t\r\n\t\t\t<a itemprop=\"url\" href=\"\" target=\"_self\">\r\n\t\r\n\t\t<img decoding=\"async\" src=\"https:\/\/www.bluewhitegroup.it\/wp-content\/uploads\/2024\/09\/color.jpg\" alt=\"\" \/>\r\n\t\t\t<\/a>\r\n\t\r\n\t\t\t\t<\/div>\r\n            \t\t\t    <img decoding=\"async\" class=\"qodef-m-frame\" src=\"https:\/\/www.bluewhitegroup.it\/wp-content\/themes\/valeska\/assets\/img\/scrolling-image-frame-type-1.png\" alt=\"Scrolling Image Frame Type 1\" \/>\r\n\t\t            <\/div>\r\n\t<\/div>\r\n\t<div class=\"qodef-m-content\">\r\n\t\t\t<h4 class=\"qodef-m-title\" >\r\n\t\t\t\t\tcolor\t\t\t<\/h4>\r\n\t\t\t<p class=\"qodef-m-text\" >\u00c8 un luogo comune pensare che i diamanti siano intrinsecamente incolori. In realt\u00e0, a causa degli oligoelementi in essi contenuti, i diamanti possono presentare tenui sfumature. Nel mondo della gioielleria spesso il colore indica principalmente la rarit\u00e0 piuttosto che la qualit\u00e0. I \u200b\u200bdiamanti completamente incolori sono estremamente rari, il che li rende molto preziosi.<\/p>\r\n\t<\/div>\r\n<\/div>\r\n\t\t\t\t<\/div>\r\n\t\t\t\t<\/div>\r\n\t\t\t\t\t<\/div>\r\n\t\t<\/div>\r\n\t\t\t\t<div class=\"elementor-column elementor-col-25 elementor-top-column elementor-element elementor-element-d4f0dac\" data-id=\"d4f0dac\" data-element_type=\"column\">\r\n\t\t\t<div class=\"elementor-widget-wrap elementor-element-populated\">\r\n\t\t\t\t\t\t<div class=\"elementor-element elementor-element-abbde86 elementor-widget elementor-widget-valeska_core_image_with_text\" data-id=\"abbde86\" data-element_type=\"widget\" data-widget_type=\"valeska_core_image_with_text.default\">\r\n\t\t\t\t<div class=\"elementor-widget-container\">\r\n\t\t\t\t\t<div class=\"qodef-shortcode qodef-m  qodef-image-with-text qodef-layout--text-below qodef-image-action--scrolling-image qodef-scrolling-direction--vertical  qodef-iwt-appear-animation--no \" data-appearing-delay=\"0\">\r\n\t<div class=\"qodef-m-image\">\r\n\r\n\t\t\t<div class=\"qodef-m-image-holder\">\r\n\t\t\t<div class=\"qodef-m-image-holder-inner\">\r\n\t\r\n\t\t\t<a itemprop=\"url\" href=\"\" target=\"_self\">\r\n\t\r\n\t\t<img decoding=\"async\" src=\"https:\/\/www.bluewhitegroup.it\/wp-content\/uploads\/2024\/09\/clarity.jpg\" alt=\"\" \/>\r\n\t\t\t<\/a>\r\n\t\r\n\t\t\t\t<\/div>\r\n            \t\t\t    <img decoding=\"async\" class=\"qodef-m-frame\" src=\"https:\/\/www.bluewhitegroup.it\/wp-content\/themes\/valeska\/assets\/img\/scrolling-image-frame-type-1.png\" alt=\"Scrolling Image Frame Type 1\" \/>\r\n\t\t            <\/div>\r\n\t<\/div>\r\n\t<div class=\"qodef-m-content\">\r\n\t\t\t<h4 class=\"qodef-m-title\" >\r\n\t\t\t\t\tclarity\t\t\t<\/h4>\r\n\t\t\t<p class=\"qodef-m-text\" >La purezza del diamante \u00e8 un fattore essenziale nella valutazione della sua qualit\u00e0 e si concentra sulla presenza di imperfezioni e inclusioni. I gemmologi utilizzano un processo di ingrandimento 10x e un sistema di classificazione specifico per determinare il grado di purezza, assegnando valori numerici in base alla quantit\u00e0 e alla visibilit\u00e0 delle imperfezioni.<\/p>\r\n\t<\/div>\r\n<\/div>\r\n\t\t\t\t<\/div>\r\n\t\t\t\t<\/div>\r\n\t\t\t\t\t<\/div>\r\n\t\t<\/div>\r\n\t\t\t\t<div class=\"elementor-column elementor-col-25 elementor-top-column elementor-element elementor-element-9f39d39\" data-id=\"9f39d39\" data-element_type=\"column\">\r\n\t\t\t<div class=\"elementor-widget-wrap elementor-element-populated\">\r\n\t\t\t\t\t\t<div class=\"elementor-element elementor-element-93bea38 elementor-widget elementor-widget-valeska_core_image_with_text\" data-id=\"93bea38\" data-element_type=\"widget\" data-widget_type=\"valeska_core_image_with_text.default\">\r\n\t\t\t\t<div class=\"elementor-widget-container\">\r\n\t\t\t\t\t<div class=\"qodef-shortcode qodef-m  qodef-image-with-text qodef-layout--text-below qodef-image-action--scrolling-image qodef-scrolling-direction--vertical  qodef-iwt-appear-animation--no \" data-appearing-delay=\"0\">\r\n\t<div class=\"qodef-m-image\">\r\n\r\n\t\t\t<div class=\"qodef-m-image-holder\">\r\n\t\t\t<div class=\"qodef-m-image-holder-inner\">\r\n\t\r\n\t\t\t<a itemprop=\"url\" href=\"\" target=\"_self\">\r\n\t\r\n\t\t<img decoding=\"async\" src=\"https:\/\/www.bluewhitegroup.it\/wp-content\/uploads\/2024\/09\/cut.jpg\" alt=\"\" \/>\r\n\t\t\t<\/a>\r\n\t\r\n\t\t\t\t<\/div>\r\n            \t\t\t    <img decoding=\"async\" class=\"qodef-m-frame\" src=\"https:\/\/www.bluewhitegroup.it\/wp-content\/themes\/valeska\/assets\/img\/scrolling-image-frame-type-1.png\" alt=\"Scrolling Image Frame Type 1\" \/>\r\n\t\t            <\/div>\r\n\t<\/div>\r\n\t<div class=\"qodef-m-content\">\r\n\t\t\t<h4 class=\"qodef-m-title\" >\r\n\t\t\t\t\tcut\t\t\t<\/h4>\r\n\t\t\t<p class=\"qodef-m-text\" >Il taglio comprende le proporzioni, la simmetria e la lucidatura del diamante, eseguite abilmente dal tagliatore. Non si tratta solo di determinarne la forma, ma di fare in modo che il diamante possa interagire al meglio con la luce. Un diamante tagliato in modo esperto offre una riflessione e una rifrazione della luce superiori, esaltandone tutta la brillantezza.<\/p>\r\n\t<\/div>\r\n<\/div>\r\n\t\t\t\t<\/div>\r\n\t\t\t\t<\/div>\r\n\t\t\t\t\t<\/div>\r\n\t\t<\/div>\r\n\t\t\t\t\t<\/div>\r\n\t\t<\/section>\r\n\t\t\t\t<section class=\"elementor-section elementor-top-section elementor-element elementor-element-6f6d6f8 elementor-section-full_width elementor-reverse-tablet elementor-reverse-mobile elementor-section-height-default elementor-section-height-default qodef-elementor-content-no\" data-id=\"6f6d6f8\" data-element_type=\"section\">\r\n\t\t\t\t\t\t<div class=\"elementor-container elementor-column-gap-default\">\r\n\t\t\t\t\t<div class=\"elementor-column elementor-col-50 elementor-top-column elementor-element elementor-element-9d82d4c\" data-id=\"9d82d4c\" data-element_type=\"column\">\r\n\t\t\t<div class=\"elementor-widget-wrap elementor-element-populated\">\r\n\t\t\t\t\t\t<div class=\"elementor-element elementor-element-8ed0c16 elementor-widget elementor-widget-image\" data-id=\"8ed0c16\" data-element_type=\"widget\" data-widget_type=\"image.default\">\r\n\t\t\t\t<div class=\"elementor-widget-container\">\r\n\t\t\t\t\t\t\t\t\t\t\t\t\t\t\t<img fetchpriority=\"high\" decoding=\"async\" width=\"600\" height=\"464\" src=\"https:\/\/www.bluewhitegroup.it\/wp-content\/uploads\/2024\/09\/jjewels-73.jpg\" class=\"attachment-full size-full wp-image-10357\" alt=\"\" srcset=\"https:\/\/www.bluewhitegroup.it\/wp-content\/uploads\/2024\/09\/jjewels-73.jpg 600w, https:\/\/www.bluewhitegroup.it\/wp-content\/uploads\/2024\/09\/jjewels-73-300x232.jpg 300w\" sizes=\"(max-width: 600px) 100vw, 600px\" \/>\t\t\t\t\t\t\t\t\t\t\t\t\t\t\t<\/div>\r\n\t\t\t\t<\/div>\r\n\t\t\t\t\t<\/div>\r\n\t\t<\/div>\r\n\t\t\t\t<div class=\"elementor-column elementor-col-50 elementor-top-column elementor-element elementor-element-ecbf794\" data-id=\"ecbf794\" data-element_type=\"column\">\r\n\t\t\t<div class=\"elementor-widget-wrap elementor-element-populated\">\r\n\t\t\t\t\t\t<div class=\"elementor-element elementor-element-d3c4604 elementor-widget__width-initial elementor-widget-tablet__width-inherit elementor-widget elementor-widget-valeska_core_section_title\" data-id=\"d3c4604\" data-element_type=\"widget\" data-widget_type=\"valeska_core_section_title.default\">\r\n\t\t\t\t<div class=\"elementor-widget-container\">\r\n\t\t\t\t\t<div class=\"qodef-shortcode qodef-m  qodef-section-title qodef-alignment--left  qodef-section-title-appear-animation--no \">\r\n\t\t<p class=\"qodef-m-subtitle\" >autenticit\u00e0 garantita<\/p>\r\n\t\t<h2 class=\"qodef-m-title\" style=\"font-weight: 300\">\r\n\t\t\tla certezza<br \/> del valore\t<\/h2>\r\n\t\t<p class=\"qodef-m-text\" style=\"margin-top: 17px\">Nella nostra sede a Milano, le pi\u00f9 recenti dotazioni teconologiche consentono di analizzare in tempo reale l&#039;autenticit\u00e0 e la qualit\u00e0 dei diamanti che offriamo ai nostri clienti.\nPotrai scegliere i diamanti di qualsiasi caratura, colore, taglio e purezza e avrai sempre la certezza di un acquisto di valore certificato.<\/p>\r\n\t<\/div>\r\n\t\t\t\t<\/div>\r\n\t\t\t\t<\/div>\r\n\t\t\t\t\t<\/div>\r\n\t\t<\/div>\r\n\t\t\t\t\t<\/div>\r\n\t\t<\/section>\r\n\t\t\t\t<section class=\"elementor-section elementor-top-section elementor-element elementor-element-1a691c2 elementor-section-full_width elementor-section-height-default elementor-section-height-default qodef-elementor-content-no\" data-id=\"1a691c2\" data-element_type=\"section\">\r\n\t\t\t\t\t\t<div class=\"elementor-container elementor-column-gap-default\">\r\n\t\t\t\t\t<div class=\"elementor-column elementor-col-50 elementor-top-column elementor-element elementor-element-4321ad6\" data-id=\"4321ad6\" data-element_type=\"column\">\r\n\t\t\t<div class=\"elementor-widget-wrap elementor-element-populated\">\r\n\t\t\t\t\t\t<div class=\"elementor-element elementor-element-784a564 elementor-widget__width-initial elementor-widget-tablet__width-inherit elementor-widget elementor-widget-valeska_core_section_title\" data-id=\"784a564\" data-element_type=\"widget\" data-widget_type=\"valeska_core_section_title.default\">\r\n\t\t\t\t<div class=\"elementor-widget-container\">\r\n\t\t\t\t\t<div class=\"qodef-shortcode qodef-m  qodef-section-title qodef-alignment--left  qodef-section-title-appear-animation--no \">\r\n\t\t<p class=\"qodef-m-subtitle\" >regala un diamante<\/p>\r\n\t\t<h2 class=\"qodef-m-title\" style=\"font-weight: 300\">\r\n\t\t\tcapolavoro<br \/> eterno\t<\/h2>\r\n\t\t<p class=\"qodef-m-text\" style=\"margin-top: 17px\">Un diamante, si sa, \u00e8 eterno. Per questo \u00e8 importante affidarsi a chi offre le irrinunciabili garanzie che conferiscono all&#039;acquisto di un diamante il valore aggiunto della sua veridicit\u00e0.\nUn diamante \u00e8 come un&#039;opera d&#039;arte. E non passer\u00e0 mai di moda e aiuter\u00e0 a ricordare i momenti speciali della vita.<\/p>\r\n\t<\/div>\r\n\t\t\t\t<\/div>\r\n\t\t\t\t<\/div>\r\n\t\t\t\t\t<\/div>\r\n\t\t<\/div>\r\n\t\t\t\t<div class=\"elementor-column elementor-col-50 elementor-top-column elementor-element elementor-element-478328f\" data-id=\"478328f\" data-element_type=\"column\">\r\n\t\t\t<div class=\"elementor-widget-wrap elementor-element-populated\">\r\n\t\t\t\t\t\t<div class=\"elementor-element elementor-element-210a523 elementor-widget elementor-widget-image\" data-id=\"210a523\" data-element_type=\"widget\" data-widget_type=\"image.default\">\r\n\t\t\t\t<div class=\"elementor-widget-container\">\r\n\t\t\t\t\t\t\t\t\t\t\t\t\t\t\t<img decoding=\"async\" width=\"600\" height=\"380\" src=\"https:\/\/www.bluewhitegroup.it\/wp-content\/uploads\/2024\/09\/IMG_0018.jpg\" class=\"attachment-full size-full wp-image-10361\" alt=\"\" srcset=\"https:\/\/www.bluewhitegroup.it\/wp-content\/uploads\/2024\/09\/IMG_0018.jpg 600w, https:\/\/www.bluewhitegroup.it\/wp-content\/uploads\/2024\/09\/IMG_0018-300x190.jpg 300w\" sizes=\"(max-width: 600px) 100vw, 600px\" \/>\t\t\t\t\t\t\t\t\t\t\t\t\t\t\t<\/div>\r\n\t\t\t\t<\/div>\r\n\t\t\t\t\t<\/div>\r\n\t\t<\/div>\r\n\t\t\t\t\t<\/div>\r\n\t\t<\/section>\r\n\t\t\t\t<section class=\"elementor-section elementor-top-section elementor-element elementor-element-9619aeb elementor-section-full_width elementor-section-content-middle elementor-section-height-default elementor-section-height-default qodef-elementor-content-no\" data-id=\"9619aeb\" data-element_type=\"section\" data-settings=\"{&quot;background_background&quot;:&quot;classic&quot;}\">\r\n\t\t\t\t\t\t<div class=\"elementor-container elementor-column-gap-default\">\r\n\t\t\t\t\t<div class=\"elementor-column elementor-col-100 elementor-top-column elementor-element elementor-element-9e19f2f\" data-id=\"9e19f2f\" data-element_type=\"column\">\r\n\t\t\t<div class=\"elementor-widget-wrap elementor-element-populated\">\r\n\t\t\t\t\t\t<div class=\"elementor-element elementor-element-6c9834c elementor-widget elementor-widget-valeska_core_section_title\" data-id=\"6c9834c\" data-element_type=\"widget\" data-widget_type=\"valeska_core_section_title.default\">\r\n\t\t\t\t<div class=\"elementor-widget-container\">\r\n\t\t\t\t\t<div class=\"qodef-shortcode qodef-m  qodef-section-title qodef-alignment--center  qodef-section-title-appear-animation--no \">\r\n\t\t<p class=\"qodef-m-subtitle\" >Newsletter<\/p>\r\n\t\t<h3 class=\"qodef-m-title\" style=\"font-weight: 300\">\r\n\t\t\tIscriviti per<br \/> aggiornamenti\t<\/h3>\r\n\t\t<\/div>\r\n\t\t\t\t<\/div>\r\n\t\t\t\t<\/div>\r\n\t\t\t\t<div class=\"elementor-element elementor-element-af077cb elementor-widget__width-initial elementor-widget elementor-widget-wp-widget-valeska_core_contact_form_7\" data-id=\"af077cb\" data-element_type=\"widget\" data-widget_type=\"wp-widget-valeska_core_contact_form_7.default\">\r\n\t\t\t\t<div class=\"elementor-widget-container\">\r\n\t\t\t\t\t\t\t\t<div class=\"qodef-contact-form-7\">\r\n\t\t\t\t\n<div class=\"wpcf7 no-js\" id=\"wpcf7-f427-o1\" lang=\"en-US\" dir=\"ltr\" data-wpcf7-id=\"427\">\n<div class=\"screen-reader-response\"><p role=\"status\" aria-live=\"polite\" aria-atomic=\"true\"><\/p> <ul><\/ul><\/div>\n<form action=\"\/index.php\/wp-json\/wp\/v2\/pages\/10272#wpcf7-f427-o1\" method=\"post\" class=\"wpcf7-form init\" aria-label=\"Contact form\" novalidate=\"novalidate\" data-status=\"init\">\n<div style=\"display: none;\">\n<input type=\"hidden\" name=\"_wpcf7\" value=\"427\" \/>\n<input type=\"hidden\" name=\"_wpcf7_version\" value=\"6.0.4\" \/>\n<input type=\"hidden\" name=\"_wpcf7_locale\" value=\"en_US\" \/>\n<input type=\"hidden\" name=\"_wpcf7_unit_tag\" value=\"wpcf7-f427-o1\" \/>\n<input type=\"hidden\" name=\"_wpcf7_container_post\" value=\"0\" \/>\n<input type=\"hidden\" name=\"_wpcf7_posted_data_hash\" value=\"\" \/>\n<\/div>\n<div class=\"qodef-horizontal-newsletter-form qodef--dark\">\n\t<p><span class=\"wpcf7-form-control-wrap\" data-name=\"your-email\"><input size=\"40\" maxlength=\"400\" class=\"wpcf7-form-control wpcf7-email wpcf7-validates-as-required wpcf7-text wpcf7-validates-as-email\" aria-required=\"true\" aria-invalid=\"false\" placeholder=\"E-mail\" value=\"\" type=\"email\" name=\"your-email\" \/><\/span><button class=\"wpcf7-form-control wpcf7-submit qodef-layout--outlined qodef-button qodef-size--normal qodef-layout--filled qodef-m\" type=\"submit\"><span class=\"qodef-m-text\">Iscriviti<\/span><\/button>\n\t<\/p>\n<\/div><div class=\"wpcf7-response-output\" aria-hidden=\"true\"><\/div>\n<\/form>\n<\/div>\n\t\t\t<\/div>\r\n\t\t\t\t\t\t\t<\/div>\r\n\t\t\t\t<\/div>\r\n\t\t\t\t\t<\/div>\r\n\t\t<\/div>\r\n\t\t\t\t\t<\/div>\r\n\t\t<\/section>\r\n\t\t\t\t<\/div>\r\n\t\t","protected":false},"excerpt":{"rendered":"<p>i diamanti giusti, al momento giusto Il comparto BlueWhiteDiamonds, all&#039;interno del nostro gruppo, opera da oltre 40 anni nel commercio B2B in qualit\u00e0 di fornitore di diamanti e pietre preziose. Collaboriamo con i pi\u00f9 importanti titoli mondiali: Tel Aviv, Anversa, New York e Mumbai. Il nostro team interno annovera gemmologi esperti, pronti a rispondere rapidamente [&hellip;]<\/p>\n","protected":false},"author":1,"featured_media":0,"parent":0,"menu_order":0,"comment_status":"closed","ping_status":"closed","template":"page-full-width.php","meta":{"footnotes":""},"class_list":["post-10272","page","type-page","status-publish","hentry"],"_links":{"self":[{"href":"https:\/\/www.bluewhitegroup.it\/index.php\/wp-json\/wp\/v2\/pages\/10272","targetHints":{"allow":["GET"]}}],"collection":[{"href":"https:\/\/www.bluewhitegroup.it\/index.php\/wp-json\/wp\/v2\/pages"}],"about":[{"href":"https:\/\/www.bluewhitegroup.it\/index.php\/wp-json\/wp\/v2\/types\/page"}],"author":[{"embeddable":true,"href":"https:\/\/www.bluewhitegroup.it\/index.php\/wp-json\/wp\/v2\/users\/1"}],"replies":[{"embeddable":true,"href":"https:\/\/www.bluewhitegroup.it\/index.php\/wp-json\/wp\/v2\/comments?post=10272"}],"version-history":[{"count":55,"href":"https:\/\/www.bluewhitegroup.it\/index.php\/wp-json\/wp\/v2\/pages\/10272\/revisions"}],"predecessor-version":[{"id":10435,"href":"https:\/\/www.bluewhitegroup.it\/index.php\/wp-json\/wp\/v2\/pages\/10272\/revisions\/10435"}],"wp:attachment":[{"href":"https:\/\/www.bluewhitegroup.it\/index.php\/wp-json\/wp\/v2\/media?parent=10272"}],"curies":[{"name":"wp","href":"https:\/\/api.w.org\/{rel}","templated":true}]}}